- 2308754. What is s(116)?
-6
Let a(p) = 534*p - 3800. What is a(11)?
2074
Let t(n) = 42*n**2 - 3030*n + 414. Calculate t(72).
-18
Let i(m) = 152*m**2 - 46*m + 122. What is i(3)?
1352
Let s(x) = -2*x**3 - 499*x**2 - 221*x + 6968. Give s(-249).
-4
Let i(x) = -342*x**3 + 7*x**2 - 22*x + 19. Determine i(1).
-338
Let l(u) = 2*u**2 + 211*u + 4685. What is l(-31)?
66
Let a(b) = -3659*b - 157286. Calculate a(-43).
51
Let s(b) = -8*b**2 - 1604*b - 24236. What is s(-184)?
52
Let d(j) = -2*j**2 - 881*j + 24729. Give d(26).
471
Let f(t) = -83*t**3 - 997*t**2 + 29*t + 477. What is f(-12)?
-15
Let n(k) = k**2 + 134*k + 3407. Determine n(-94).
-353
Let h(j) = 3*j**2 - 10199*j + 313267. What is h(31)?
-19
Let o(b) = -266*b + 1300. Determine o(6).
-296
Let t(h) = -6*h**2 + 692*h - 4128. Give t(109).
14
Let p(k) = -1496*k - 30949. Determine p(-21).
467
Let c(s) = 15798*s - 80663. Give c(5).
-1673
Let c(x) = x**3 + 9*x**2 - 33*x - 329. Give c(-11).
-208
Let p(r) = -13*r**2 + 177*r - 1908. Give p(12).
-1656
Let h(a) = -a**3 + 31*a**2 - 402*a + 8825. Determine h(28).
-79
Let p(t) = 13548*t - 13541. Determine p(1).
7
Let z(f) = -f**2 - 561*f - 52919. Calculate z(-120).
1
Let b(c) = 4876*c**2 - 58592*c + 981. Determine b(12).
21
Let v(x) = 3290*x**2 + 62487*x - 420. What is v(-19)?
17
Let u(d) = d**2 - 8273*d - 74366. What is u(-9)?
172
Let h(u) = -u**2 + 88*u + 903. What is h(91)?
630
Let m(b) = 8*b**3 + 865*b**2 - 2598*b + 3. Determine m(3).
210
Let k(o) = -1309*o - 4028. What is k(-3)?
-101
Let i(c) = -c**2 + 67*c + 21453. Calculate i(184).
-75
Let u(c) = 203*c - 30030. Determine u(148).
14
Let r(n) = -1677*n - 5387. Give r(-3).
-356
Let z(u) = -4*u**3 - 101*u**2 + 55*u - 258. Calculate z(-26).
340
Let n(i) = -2*i**3 - 1476*i**2 - 11735*i - 12. Determine n(-8).
428
Let x(n) = -23563*n - 5254553. Calculate x(-223).
-4
Let l(s) = -3*s**3 + 6*s**2 + 80*s + 566. What is l(-7)?
1329
Let h(d) = 5*d**3 + 922*d**2 + 362*d - 1444. What is h(-184)?
-340
Let o(d) = d**3 - 53*d**2 + 157*d + 8. What is o(50)?
358
Let o(c) = -3*c**3 - 4*c**2 - 83*c - 149. Give o(-5).
541
Let p(z) = z**3 - 19*z**2 + 5*z + 196. What is p(18)?
-38
Let h(p) = 76865*p - 3382060. Calculate h(44).
0
Let i(j) = -16*j**2 + 3074*j + 25346. Determine i(200).
146
Let n(b) = -798*b**2 - 2394*b + 6. Give n(-3).
6
Let x(z) = -z**2 - 72*z - 130. Give x(-42).
1130
Let s(b) = 2*b**2 + 4615*b - 27771. Give s(6).
-9
Let f(j) = -22913*j + 916527. Determine f(40).
7
Let g(q) = 3*q**3 + 286*q**2 - 212*q - 1942. Give g(-96).
-22
Let b(k) = -2*k**2 - 6*k - 140. Determine b(7).
-280
Let h(m) = m**3 - 8*m**2 - 54*m + 301. What is h(12)?
229
Let a(d) = -10*d**3 + 870*d**2 + 882*d - 157. Give a(88).
19
Let v(i) = 11205*i - 840370. What is v(75)?
5
Let c(x) = 405*x + 10036. Give c(-26).
-494
Let r(j) = -52727*j + 1845466. Calculate r(35).
21
Let s(l) = -5*l**2 - 285*l + 9660. Give s(24).
-60
Let f(p) = 7518*p - 315756. Determine f(42).
0
Let k(o) = 11*o**2 - 118*o + 227. Give k(9).
56
Let m(d) = -27*d**2 + 300*d + 1466. Determine m(-5).
-709
Let h(i) = -985*i - 94266. Determine h(-96).
294
Let y(w) = 12052*w + 48273. What is y(-4)?
65
Let t(f) = 2*f**2 - 82*f - 4851. Determine t(74).
33
Let f(p) = 1080*p + 305. Calculate f(1).
1385
Let t(b) = -b**3 - 42*b**2 + 24*b - 385. Calculate t(-42).
-1393
Let m(b) = 4615*b - 14765. What is m(3)?
-920
Let c(m) = 273*m + 26524. Determine c(-97).
43
Let l(v) = v**3 - 2*v**2 - 1128*v + 3384. What is l(3)?
9
Let l(s) = 21587*s - 14009961. What is l(649)?
2
Let x(f) = 945*f**2 + 1830*f - 111. Give x(-2).
9
Let f(g) = 119*g - 1524. Calculate f(-5).
-2119
Let z(i) = 1941*i + 2063291. Determine z(-1063).
8
Let w(i) = 1063*i + 15512. Give w(-14).
630
Let o(b) = 3011*b + 156437. Determine o(-52).
-135
Let z(a) = -663*a**2 + 52*a - 51. Determine z(1).
-662
Let f(c) = 26*c**2 - 3468*c - 43786. Determine f(145).
4
Let o(g) = -g**3 - 443*g**2 - 48327*g - 5221. What is o(-249)?
8
Let n(g) = 4*g**3 - 127*g**2 - 338*g + 9441. Determine n(32).
-351
Let n(f) = -7637*f - 458213. What is n(-60)?
7
Let x(v) = 2*v**3 + 77*v**2 + 78*v + 1549. Calculate x(-38).
29
Let k(v) = -4*v**2 - 698*v + 1623. What is k(-173)?
2661
Let v(i) = -4*i**3 + 48*i**2 - 40*i + 4. Determine v(14).
-2124
Let o(m) = -2*m**2 - 692*m - 27128. Determine o(-45).
-38
Let q(f) = -f**2 + 916*f - 187855. What is q(310)?
5
Let u(d) = -d**2 + 2053*d + 16511. Calculate u(-8).
23
Let q(d) = 679*d - 62463. What is q(92)?
5
Let l(y) = 478*y - 14386. Calculate l(30).
-46
Let l(w) = -179609*w - 538822. Determine l(-3).
5
Let a(m) = -m**3 + 50*m**2 + 2065*m - 103275. What is a(50)?
-25
Let a(v) = 2*v**2 + 78271*v + 626040. Calculate a(-8).
0
Let o(i) = i**3 + 61*i**2 - 24276*i - 1480841. Give o(-61).
-5
Let c(y) = -37*y**3 - 6*y**2 - 20661*y + 20663. Give c(1).
-41
Let f(i) = 13*i**3 - 92*i**2 + 8*i + 43. What is f(7)?
50
Let d(v) = -3*v**2 - 95*v + 1376. Calculate d(26).
-3122
Let t(b) = -153966*b**2 - 5*b + 4. Calculate t(0).
4
Let h(w) = w**3 - 121*w**2 + 245*w - 512. Calculate h(119).
321
Let s(w) = 2*w**3 - 41*w**2 - 345*w - 89. Calculate s(27).
73
Let c(r) = 559*r + 63179. Calculate c(-113).
12
Let x(r) = -70*r**2 - 338*r + 179. Determine x(-5).
119
Let l(s) = 149940*s - 9746097. Give l(65).
3
Let b(c) = -c**2 + 372*c - 34145. What is b(164)?
-33
Let o(x) = -169*x + 21840. What is o(129)?
39
Let k(n) = -n**3 + 21*n**2 - 20*n - 918. Determine k(16).
42
Let z(j) = -j**3 + 59*j**2 + 902*j + 596. Give z(-12).
-4
Let x(c) = -7*c**3 + 1183*c**2 - 2*c + 293. Determine x(169).
-45
Let q(k) = 9*k**3 - 6*k**2 + 16*k + 21. What is q(-2)?
-107
Let v(s) = 1816153*s - 19977693. Calculate v(11).
-10
Let n(v) = -v**3 + 63*v**2 - 102*v - 1258. Give n(61).
-38
Let z(j) = 86*j - 6502. Calculate z(75).
-52
Let w(s) = -s**3 - 179*s**2 - 670*s + 4625. Calculate w(-175).
-625
Let m(y) = -22830*y + 91237. Give m(4).
-83
Let l(w) = 292*w**2 - 974*w - 4689. What is l(6)?
-21
Let i(h) = h**2 - 1931*h + 310510. Give i(177).
52
Let y(m) = -40160*m - 1204797. What is y(-30)?
3
Let p(r) = 21*r + 4005. What is p(-198)?
-153
Let l(a) = 122*a - 6887. What is l(41)?
-1885
Let n(x) = -220*x - 140. Determine n(-4).
740
Let k(o) = -7*o**3 + 50*o**2 + 130*o - 955. Determine k(7).
4
Let d(x) = -x**2 + 1956*x - 404505. Give d(235).
-70
Let l(t) = 2*t**3 + 26*t**2 + 3470*t + 41390. Give l(-12).
38
Let n(j) = 95*j**2 - 758*j - 15. Calculate n(8).
1
Let q(h) = 494*h + 40512. What is q(-82)?
4
Let j(q) = 39*q**2 - 1129*q + 4643. Calculate j(5).
-27
Let h(y) = -131*y + 5158. Determine h(38).
180
Let z(n) = n**2 - 259*n - 2144. Calculate z(-8).
-8
Let a(g) = -7604*g - 205312. Give a(-27).
-4
Let a(m) = -3*m**3 - 793*m**2 - 1002*m + 13221. Give a(-263).
71
Let t(n) = -7*n**2 - 5172*n - 40934. Give t(-8).
-6
Let k(m) = -248*m + 10904. Give k(40).
984
Let s(b) = -3*b**3 + 128*b**2 - 301*b - 128. Calculate s(40).
632
Let x(s) = -16*s**2 - 229811*s - 229807. What is x(-1)?
-12
Let c(j) = -497*j**3 + 4*j**2 - 2. What is c(1)?
-495
Let x(r) = 1895*r - 119397. Calculate x(63).
-12
Let s(y) = -3471*y**2 - 86783*y - 197. Calculate s(-25).
3
Let w(x) = 21816*x - 370894. Calculate w(17).
-22
Let r(g) = -356*g + 2199. Calculate r(-5).
3979
Let x(i) = -3115*i - 130829. Determine x(-42).
1
Let l(w) = -369*w - 13469. Determine l(-32).
-1661
Let i(x) = 80822*x - 242452. Give i(3).
14
Let g(n) = n**3 + 139*n**2 - 128*n + 1760. What is g(-140)?
80
Let a(d) = -d**3 - 108*d**2 + 572*d - 347. Determine a(-113).
-1138
Let b(z) = -31*z**3 - 897*z**2 + 52*z - 169. Give b(-29).
5
Let t(u) = -u**3 + 79*u**2 - 4*u - 7. Give t(0).
-7
Let v(m) = 70*m**2 + 5*m + 25. Give v(2).
315
Let x(z) = -z**3 + 230*z**2 - 3425*z + 47. Give x(16).
31
Let i(u) = u**3 + 106*u**2 - 6604*u - 360. What is i(-150)?
240
Let f(o) = -3*o**3 - 35*o**2 + 837*o + 9482. Determine f(-11).
33
Let r(n) = -2*n**3 - 313*n**2 - 2340*n - 444624. Calculate r(-158).
-12
Let o(c) = 96*c**2 - 918*c + 1649. Determine o(2).
197
Let i(w) = 22*w**2 - 3018*w - 8668. Give i(140).
12
Let n(p) = 5*p**2 - 61*p - 586. Give n(-8).
222
Let a(y) = -5*y**2 - 59*y + 841. Determine a(-20).
21
Let i(z) = -34*z - 1853. What is i(-42)?
-425
Let q(y) = -29*y**2 + 9771*y + 627. Calculate q(337).
-47
Let c(h) = h**3 - 16*h**2 - 41*h - 135. Give c(19).
169
Let q(d) = -17